 of 7077?
3, 7, 337
List the prime factors of 7236.
2, 3, 67
What are the prime factors of 3046?
2, 1523
What are the prime factors of 10296?
2, 3, 11, 13
What are the prime factors of 610?
2, 5, 61
List the prime factors of 101154.
2, 3, 23, 733
What are the prime factors of 15890?
2, 5, 7, 227
List the prime factors of 14344.
2, 11, 163
List the prime factors of 17764.
2, 4441
List the prime factors of 15803.
15803
What are the prime factors of 5320?
2, 5, 7, 19
What are the prime factors of 19149?
3, 13, 491
List the prime factors of 2589.
3, 863
What are the prime factors of 4553?
29, 157
What are the prime factors of 1099?
7, 157
List the prime factors of 444.
2, 3, 37
What are the prime factors of 107998?
2, 11, 4909
What are the prime factors of 8160?
2, 3, 5, 17
What are the prime factors of 2292?
2, 3, 191
List the prime factors of 71366.
2, 17, 2099
List the prime factors of 5736.
2, 3, 239
List the prime factors of 3435.
3, 5, 229
What are the prime factors of 89807?
31, 2897
List the prime factors of 1348.
2, 337
What are the prime factors of 579?
3, 193
List the prime factors of 21614.
2, 101, 107
What are the prime factors of 683?
683
List the prime factors of 18667.
11, 1697
List the prime factors of 4040.
2, 5, 101
What are the prime factors of 1459?
1459
List the prime factors of 1243.
11, 113
List the prime factors of 801.
3, 89
What are the prime factors of 77049?
3, 7, 1223
List the prime factors of 2051.
7, 293
What are the prime factors of 535?
5, 107
List the prime factors of 403.
13, 31
List the prime factors of 6701.
6701
What are the prime factors of 18467?
59, 313
List the prime factors of 542.
2, 271
List the prime factors of 11251.
11251
List the prime factors of 2359.
7, 337
List the prime factors of 6865.
5, 1373
List the prime factors of 1872.
2, 3, 13
List the prime factors of 66852.
2, 3, 619
List the prime factors of 29793.
3, 9931
List the prime factors of 19133.
19, 53
What are the prime factors of 41893?
41893
What are the prime factors of 856?
2, 107
List the prime factors of 160552.
2, 7, 47, 61
What are the prime factors of 2858?
2, 1429
List the prime factors of 2813.
29, 97
List the prime factors of 179.
179
What are the prime factors of 168335?
5, 131, 257
List the prime factors of 108103.
17, 6359
What are the prime factors of 8726?
2, 4363
List the prime factors of 45453.
3, 109, 139
What are the prime factors of 82681?
89, 929
What are the prime factors of 4321?
29, 149
List the prime factors of 31061.
89, 349
What are the prime factors of 12958?
2, 11, 19, 31
What are the prime factors of 260?
2, 5, 13
What are the prime factors of 3921?
3, 1307
What are the prime factors of 33881?
17, 1993
What are the prime factors of 2698?
2, 19, 71
List the prime factors of 122.
2, 61
What are the prime factors of 834?
2, 3, 139
List the prime factors of 19200.
2, 3, 5
List the prime factors of 2744.
2, 7
List the prime factors of 222.
2, 3, 37
List the prime factors of 5560.
2, 5, 139
What are the prime factors of 23803?
13, 1831
What are the prime factors of 30891?
3, 7, 1471
List the prime factors of 10049.
13, 773
What are the prime factors of 400?
2, 5
List the prime factors of 17589.
3, 11, 13, 41
List the prime factors of 85222.
2, 42611
What are the prime factors of 11004?
2, 3, 7, 131
What are the prime factors of 144556?
2, 71, 509
List the prime factors of 787.
787
List the prime factors of 1239.
3, 7, 59
What are the prime factors of 282?
2, 3, 47
What are the prime factors of 5430?
2, 3, 5, 181
What are the prime factors of 511?
7, 73
What are the prime factors of 125153?
7, 19, 941
List the prime factors of 36326.
2, 41, 443
What are the prime factors of 51654?
2, 3, 8609
What are the prime factors of 30950?
2, 5, 619
What are the prime factors of 12232?
2, 11, 139
What are the prime factors of 41615?
5, 7, 29, 41
List the prime factors of 705.
3, 5, 47
What are the prime factors of 1869?
3, 7, 89
What are the prime factors of 10529?
10529
List the prime factors of 2312.
2, 17
What are the prime factors of 57?
3, 19
List the prime factors of 13661.
19, 719
What are the prime factors of 149?
149
What are the prime factors of 12723?
3, 4241
List the prime factors of 643.
643
What are the prime factors of 8558?
2, 11, 389
What are the prime factors of 829?
829
List the prime factors of 14753.
14753
What are the prime factors of 4016?
2, 251
List the prime factors of 15143.
19, 797
What are the prime factors of 856?
2, 107
What are the prime factors of 388?
2, 97
List the prime factors of 6225.
3, 5, 83
What are the prime factors of 1905?
3, 5, 127
What are the prime factors of 601?
601
What are the prime factors of 92850?
2, 3, 5, 619
What are the prime factors of 118?
2, 59
List the prime factors of 11327.
47, 241
What are the prime factors of 37122?
2, 3, 23, 269
List the prime factors of 1181.
1181
List the prime factors of 12436.
2, 3109
List the prime factors of 2024.
2, 11, 23
What are the prime factors of 9015?
3, 5, 601
List the prime factors of 54112.
2, 19, 89
List the prime factors of 24746.
2, 12373
List the prime factors of 106547.
7, 31, 491
What are the prime factors of 100622?
2, 50311
What are the prime factors of 15151?
109, 139
List the prime factors of 1494.
2, 3, 83
List the prime factors of 3055.
5, 13, 47
List the prime factors of 5119.
5119
List the prime factors of 1331.
11
List the prime factors of 25980.
2, 3, 5, 433
What are the prime factors of 204?
2, 3, 17
List the prime factors of 33167.
17, 1951
What are the prime factors of 284?
2, 71
What are the prime factors of 458?
2, 229
List the prime factors of 2281.
2281
List the prime factors of 7107.
3, 23, 103
What are the prime factors of 25210?
2, 5, 2521
What are the prime factors of 18909?
3, 11, 191
What are the prime factors of 5879?
5879
What are the prime factors of 39800?
2, 5, 199
What are the prime factors of 4050?
2, 3, 5
What are the prime factors of 638?
2, 11, 29
List the prime factors of 761.
761
List the prime factors of 4296.
2, 3, 179
List the prime factors of 509.
509
What are the prime factors of 90275?
5, 23, 157
List the prime factors of 2900.
2, 5, 29
List the prime factors of 110.
2, 5, 11
What are the prime factors of 985?
5, 197
What are the prime factors of 27816?
2, 3, 19, 61
What are the prime factors of 10901?
11, 991
List the prime factors of 23339.
23339
What are the prime factors of 3094?
2, 7, 13, 17
What are the prime factors of 352?
2, 11
List the prime factors of 886.
2, 443
What are the prime factors of 953?
953
What are the prime factors of 1700?
2, 5, 17
What are the prime factors of 13043?
13043
What are the prime factors of 1286?
2, 643
List the prime factors of 141722.
2, 7, 53, 191
What are the prime factors of 11515?
5, 7, 47
What are the prime factors of 86?
2, 43
What are the prime factors of 166070?
2, 5, 16607
What are the prime factors of 33858?
2, 3, 11, 19
List the prime factors of 129211.
157, 823
List the prime factors of 4565.
5, 11, 83
What are the prime factors of 11014?
2, 5507
What are the prime factors of 64246?
2, 7, 13, 353
List the prime factors of 3018.
2, 3, 503
What are the prime factors of 648?
2, 3
What are the prime factors of 836?
2, 11, 19
What are the prime factors of 992?
2, 31
What are the prime factors of 449?
449
List the prime factors of 12937.
17, 761
List the prime factors of 74030.
2, 5, 11, 673
List the prime factors of 12589.
12589
What are the prime factors of 98153?
11, 8923
What are the prime factors of 5347?
5347
List the prime factors of 1278.
2, 3, 71
List the prime factors of 104830.
2, 5, 11, 953
List the prime factors of 7706.
2, 3853
What are the prime factors of 5891?
43, 137
List the prime factors of 11853.
3, 439
List the prime factors of 45091.
67, 673
What are the prime factors of 1563?
3, 521
What are the prime factors of 53882?
2, 29, 929
What are the prime factors of 3119?
3119
What are the prime factors of 3963?
3, 1321
What are the prime factors of 1286?
2, 643
List the prime factors of 24642.
2, 3, 37
What are the prime factors of 1657?
1657
List the prime factors of 1488.
2, 3, 31
What are the prime factors of 6108?
2, 3, 509
List the prime factors of 1433.
1433
List the prime factors of 8457.
3, 2819
List the pr